95 - 51 = g*t. Give c(t).
3
Let m be 0 + 3/(2/2). Suppose 0*f = m*f. Let q(v) be the third derivative of -v**4/24 + v**3/6 - 33*v**2 - 1. Give q(f).
1
Let s(d) = -d**2 + 20*d - 4. Let r be 2/8*(22 + -22). Let o be (2 - r) + (9 + -1 - -10). Determine s(o).
-4
Let f(n) be the first derivative of -n**3/3 - 10*n**2 + 24*n + 1223. Calculate f(-20).
24
Let t(s) = -19*s + 27*s**3 + 0 + 4*s**2 + 0*s**2 + 2 - 26*s**3 - 21. Calculate t(-7).
-33
Let o(d) = -d**3 + 7*d**2 - 4*d + 48. Suppose 224*m - 608 = 960. Determine o(m).
20
Let v(b) = -13*b**3 + 14*b**2 - 6*b - 4. Let i(j) = 28*j**3 - 29*j**2 + 13*j + 8. Let c = -137 + 150. Let p(u) = c*v(u) + 6*i(u). Determine p(8).
-4
Let j(w) = 9*w - 4. Let k(n) = -n**3 - 12*n**2 + 65*n + 19. Suppose 2*f + 4*b = -40, -9*b + 2*b + 50 = -4*f. Let u be k(f). Give j(u).
23
Let f(l) = -27*l**2 + 1. Suppose 0 = 16*p - 49 - 79. Suppose p*t - 14 = 12*t + 5*v, 2*v = -4*t - 8. Calculate f(t).
-26
Let o(u) = 5*u**2 - 1. Let p(d) = -37*d**2 - 12*d + 8. Let w(b) = 12*b**2 + 4*b - 3. Let k(f) = 4*p(f) + 11*w(f). Let n(a) = -k(a) - 3*o(a). What is n(-4)?
4
Let r = -7558 + 7571. Let k(v) = -v**3 + 13*v**2 + 4*v - 6. What is k(r)?
46
Let w(a) be the second derivative of -a**3/6 - 3*a**2 + 16*a. Let t(j) = -j - 5. Let r be t(0). Let g = r - -2. What is w(g)?
-3
Let z(c) be the third derivative of -1/40*c**5 - 6*c**2 + 0 + 0*c + 0*c**3 - 1/180*c**6 + 5/12*c**4. Let h(p) be the second derivative of z(p). What is h(-3)?
9
Suppose 0 = -5*n - 0*a - 2*a + 23, -4*a + 7 = -3*n. Suppose -2*b = -2, 14 - 1 = -4*d - n*b. Let p(g) = -g + 3. Calculate p(d).
7
Let w(d) be the first derivative of -7*d**2 + 6*d - 678. Give w(0).
6
Suppose -58 + 2 = -4*s. Let m(k) = s - k - k + k. Suppose 26*d - 73 + 66 = 201. Determine m(d).
6
Let d(m) = 10*m + m**2 + 0*m + 7*m - 1 + 9 - 9*m. Suppose -20 + 5 = 3*x. Let o = -11 - x. Give d(o).
-4
Let o(s) be the first derivative of 5*s + 1/4*s**4 - 4/3*s**3 - 5/2*s**2 + 123. Calculate o(5).
5
Let i(f) = -5*f**2 + 65 + 0*f**3 + 0*f - f**3 - f - 58. Let o = -66 + 71. Suppose o = 13*d + 70. Calculate i(d).
12
Let b(s) be the first derivative of -s**5/60 + 2*s**4/3 + 5*s**3/2 + s**2/2 + 42*s + 122. Let z(p) be the second derivative of b(p). Calculate z(17).
-2
Let g(c) = c**3 + 5*c**2 + 2*c + 11. Suppose 3*h - 129 + 109 = 7*h. Calculate g(h).
1
Let n(g) = g**2 + 23*g - 21. Let j be (3/(-9))/(-11*(-3)/2376). Calculate n(j).
3
Let k(p) = 10*p**2 - 1. Let b = -6474 + 6476. Calculate k(b).
39
Let y(w) = -3*w + 2. Let j be 2/(-7) + (-7)/(49/(-72)). Suppose 0 = -2*a + j. Suppose 4 = 7*z - a*z. Calculate y(z).
-4
Suppose 650*k = 648*k + 70. Let b be (0 + 2/6)/(k/(-1050)). Let y(q) = q**3 + 9*q**2 - 11*q + 1. What is y(b)?
11
Suppose 3*m = -9, 3*z + 3*m + 13 - 76 = 0. Let n(d) = -d**3 + 24*d**2. Let t be n(z). Let o be (t/(-7))/(-2 - -1). Let q(k) = -k**2 - k - 30. Determine q(o).
-30
Let t(p) = -p**3 - 9*p**2 - 3*p - 11. Let v be -5 + 13/52*-16. Calculate t(v).
16
Let i(x) be the second derivative of 0 + 0*x**2 + 7*x - 1/6*x**3. Let u(y) = -2*y**2 + 9*y. Let j(k) = 6*i(k) + u(k). Determine j(2).
-2
Let r be 16 + (2/8)/(5/(-20)). Suppose 3*z = -3*c + r, 3*z - 8*c = -10*c + 14. Let w(o) = 9*o - 3. Calculate w(z).
33
Let v(u) = -u - 4. Suppose 15 = 23*j - 31. Suppose 2*w + j*g + 1 = 11, -3*w + 17 = 5*g. Calculate v(w).
-8
Let d(r) = -2116*r. Let g(o) = -882*o. Let s(i) = 5*d(i) - 12*g(i). Suppose 0 = -4*y + 2*y + 2. Let k = 4 - y. Determine s(k).
12
Let h(y) = -y - 4. Let r be (40/(-16))/((-2)/(-4))*-1. Suppose 5*x + 4*u - 8 = 0, 2*x - r*u - 19 = 4. Calculate h(x).
-8
Let w(o) be the first derivative of o**4/4 + 2*o**3 + o**2/2 + 54*o + 2887. Determine w(-7).
-2
Suppose 0 = x + s - 3*s + 1, -5*x - 3*s + 21 = 0. Let t be (x - (-84)/16)/(2/(-16)). Let h = t - -72. Let o(r) = r**3 - 5*r**2 - 8*r + 4. Determine o(h).
-8
Let k(s) = s + 4 + 8 - 3 + 0. Suppose 3*c = -4*v - 37, -5*c + 2*v - 20 - 7 = 0. Determine k(c).
2
Let i(j) = 9*j**2 + j. Suppose -26 = 41*y + 48 + 8. What is i(y)?
34
Let t(d) be the first derivative of 2*d**3/3 - 10*d**2 + 26*d + 3044. Determine t(8).
-6
Let g(w) = -7*w. Let c be (2/4)/(6/168). Let q(s) = 3*s - 43. Let h be q(c). Give g(h).
7
Let g(r) = -49*r**3 + 1 - 49*r**3 - r**2 + 97*r**3 + 3*r. Suppose 0*k - 3*k = -18. Suppose -w = 4*n - 6*w - 3, -4*n - k = -2*w. Give g(n).
10
Let s(c) = 914*c - 15. Let g(k) = 203*k - 3. Let l(q) = 9*g(q) - 2*s(q). Suppose 0 = 4*z - 22 + 2. Let t = 1 - z. Determine l(t).
7
Let m(a) = a + 1. Let v = 56 + -52. Let n be (v/(-5))/(3 - (-14)/(-5)). Let r be (n + (-1 - -7 - 3))*2. Calculate m(r).
-1
Let c(y) = y**3 + 4*y**2 - y + 2. Let r be (20 + -3)/51 - 19/3. Give c(r).
-64
Let a = 118 + -111. Suppose 3*g - 24 = -4*k, -3*k + 5*g = -25 + a. Let j(f) = f - 5. Calculate j(k).
1
Let i(z) = -23*z + 45. Suppose 3*j - 340*o + 345*o + 1 = 0, -2*j - 4*o - 2 = 0. What is i(j)?
-24
Let r = 2577 + -2574. Let h(d) be the third derivative of 0*d + 0 - 1/24*d**4 - 3*d**2 + 5/6*d**r. What is h(0)?
5
Let j(l) be the first derivative of l + 1/3*l**3 - 15 + 2*l**2. Give j(-2).
-3
Let j = 9295 + -9307. Let r(o) = -o**2 - 16*o + 8. Give r(j).
56
Let p(x) = 20*x + 51*x - 759 + 62*x + 7*x - 224. Calculate p(7).
-3
Let d(b) = 3*b - 52. Suppose -z - 766 = -770, 2*z = q + 8. What is d(q)?
-52
Let l(d) = -2*d**2 + 3. Let r(q) = -q**3 - 6*q**2 + 24*q - 34. Let n be r(-9). Let k(w) = -2*w**3 - 13*w**2 + 7*w + 2. Let u be k(n). Give l(u).
-5
Let p(n) = 6*n - 3. Let k(q) = 2*q**3 + 19*q**2 + 7*q + 8. Let u(d) = k(d) + 3*p(d). Determine u(-8).
-9
Let s(b) = -33*b**2 - 12*b + 932. Let w(c) = 82*c**2 + 25*c - 1863. Let x(t) = 5*s(t) + 2*w(t). Give x(-36).
-2
Let c(y) be the third derivative of -7/6*y**3 + 57*y**2 + 0*y - 1/60*y**5 - 1/3*y**4 + 0. Determine c(-5).
8
Let i(o) = 2*o - 5*o + 5*o - o. Let l(n) = -2*n - 6. Let h be l(3). Let q be (63/h)/(-7) - 2/(-8). Determine i(q).
1
Let d(b) be the first derivative of b**3/3 + 3*b**2 - 6*b + 6023. Give d(2).
10
Let p(u) = -u**3 + 5*u**2 - 6*u + 4. Suppose -5*t - 20 = 0, -3*y = -0*y + 2*t - 19. Let j = y - 5. Let n be p(j). Let h(x) = x**2 + 3*x - 3. Calculate h(n).
1
Suppose 10*q = 30*q. Suppose -20*b + 56 - 216 = q. Let w(v) = 2*v + 9. Determine w(b).
-7
Let y(f) = 8*f**3 - f**2 - 2. Let u(k) = -18*k**3 - 13*k**2 - 18*k - 71. Let v(a) = u(a) + 2*y(a). Determine v(-7).
2
Let y(g) be the first derivative of -3*g**3 - 2*g**2 - 3*g + 46. Let n(s) = 11*s**2 + 6*s + 4. Let h(q) = -4*n(q) - 5*y(q). What is h(5)?
4
Let n = 338 + -342. Let b(w) = w**3 + 3*w**2 + w - 2. Give b(n).
-22
Let a(f) = f**2 + 32*f - 67. Let t(p) = -p**3 - 22*p**2 + 30*p + 662. Let r be t(-22). Determine a(r).
1
Let h(g) = g - 33. Let v(i) = -135. Let a(y) = -12*h(y) + 3*v(y). Determine a(1).
-21
Let f(d) = -d**2 + d + 4. Let z(m) = 6*m**2 - 13*m - 48. Let k(a) = 5*f(a) + z(a). Give k(11).
5
Let n(p) be the third derivative of p**5/60 - p**4/3 - 115*p**3/6 + 29*p**2 + 28*p. What is n(-8)?
13
Let f(w) = 19*w - 1. Let q(r) = 4*r - 64. Let s be q(10). Let u = s + -101. Let i = -126 - u. Determine f(i).
-20
Suppose -8 = -f - 5. Let q(g) = 243*g + 8. Let j(i) = 88*i + 3. Let r(y) = 11*j(y) - 4*q(y). What is r(f)?
-11
Let k(b) = -3*b**2 + 41*b - 77. Let m be k(12). Let v(c) = c**2 + 18*c + 2. Calculate v(m).
-15
Let s(r) = -r**2 - 8*r + 9. Suppose -8 = -2*n + 64. Suppose 3*z - 11 = -f - n, -2*z - 2*f = 14. What is s(z)?
0
Let x(p) be the third derivative of p**6/120 + 7*p**5/60 + p**4/4 - p**3/3 + p**2. Let u be (-1)/2 - (-9)/(12 - -6). Suppose i - 16 + 22 = u. Give x(i).
-2
Let v(w) = -7*w**3 - 2*w**2 - w + 30. Let g = 21039 + -21039. Give v(g).
30
Let n(g) = -9*g + 68. Let h(j) = -27*j + 205. Let m(i) = -2*h(i) + 7*n(i). Determine m(7).
3
Let c(d) be the third derivative of d**5/24 + 17*d**4/24 + 17*d**3/2 - 28*d**2 + d. Let o(y) be the first derivative of c(y). Calculate o(-4).
-3
Let t(a) = 6*a**2 - 2*a + 1. Let p be ((-25)/(-5) + -8)/(1/(-10)). Let n = p + -97. Let z = n - -68. Give t(z).
5
Let r(h) = 15*h - 148. Let c be r(16). Let t = -88 + c. Let i(d) = -4*d + 13. Calculate i(t).
-3
Let b be (-2)/(-5) + (-248)/(-10)*17. Let g = -422 + b. Let l(x) = 0 + 1 - x + 3. Determine l(g).
4
Suppose 4*r = -4*r + 24. Let j(i) = -i**r - 5*i + 16*i - 46 - 11*i**2 + 29. What is j(-12)?
-5
Let b(q) = -1 - 1 + 